se 7, what is -43 + 2221?
2145
In base 12, what is 36a - 26?
344
In base 10, what is -1505 + 15?
-1490
In base 9, what is 0 + 14683?
14683
In base 6, what is -13 - -404543?
404530
In base 15, what is 38c + -ac?
2d0
In base 9, what is -27206 + -2?
-27208
In base 7, what is 65 + 16063?
16161
In base 13, what is 540 + 35?
575
In base 7, what is 1043 + -2003?
-630
In base 14, what is -1 - b174?
-b175
In base 13, what is 199269 + -2?
199267
In base 9, what is -125 - -713?
577
In base 7, what is 0 + -2234?
-2234
In base 6, what is -153554 + 2?
-153552
In base 8, what is 3 - -77704?
77707
In base 6, what is -12 - 12113?
-12125
In base 4, what is -12000031 + 1?
-12000030
In base 15, what is 1 - -3218?
3219
In base 15, what is 6720 + 32?
6752
In base 8, what is 5703 + 620?
6523
In base 8, what is 310106 + -31?
310055
In base 14, what is b9ccc - 5?
b9cc7
In base 3, what is -102000122 - 0?
-102000122
In base 6, what is -4135 - 2023?
-10202
In base 4, what is -1 + -10031032?
-10031033
In base 3, what is 102200001110 + 20?
102200001200
In base 10, what is -6 - -16724?
16718
In base 14, what is 50b - -b9?
5c6
In base 11, what is 51 + -39446?
-393a5
In base 8, what is -25 - -650?
623
In base 14, what is -281 + 10?
-271
In base 15, what is 15 + 3?
18
In base 14, what is 0 + -2aa1c?
-2aa1c
In base 5, what is -3 + -20312233?
-20312241
In base 11, what is -581 + 15?
-567
In base 12, what is -1b + a5?
86
In base 7, what is -43 - -40?
-3
In base 11, what is -3a7a - -46?
-3a34
In base 10, what is 26753 + 2?
26755
In base 6, what is -5 - 30423313?
-30423322
In base 10, what is 5234 + -423?
4811
In base 2, what is 1000111001 + 111100111?
10000100000
In base 7, what is -21562 - -14?
-21545
In base 10, what is 1626 + 861?
2487
In base 13, what is -8b + -204?
-292
In base 3, what is 1000020 - -100?
1000120
In base 16, what is -f + -63a?
-649
In base 13, what is 360a + 2?
360c
In base 2, what is 10 + 11111101011001?
11111101011011
In base 6, what is 111 + 412312?
412423
In base 14, what is -2 - 19949?
-1994b
In base 3, what is -10001010 - -202111?
-2021122
In base 11, what is 364 + -1195?
-931
In base 9, what is 8 - 220838?
-220830
In base 10, what is 646 - -47?
693
In base 5, what is -124240304 + -2?
-124240311
In base 7, what is -3 - -5522?
5516
In base 5, what is -2330 + 422102?
414222
In base 4, what is 10033 - 110210?
-100111
In base 10, what is -6409 + -14?
-6423
In base 14, what is 4 + 47483?
47487
In base 3, what is 1202 + 220111?
222020
In base 8, what is 3 + -17247?
-17244
In base 4, what is -21022 + 31?
-20331
In base 6, what is -3 - -112521?
112514
In base 4, what is -33212 + -30023?
-123301
In base 2, what is -1000011 - 1100010101?
-1101011000
In base 14, what is 3 + 1dd3a?
1dd3d
In base 6, what is -13 + 10310?
10253
In base 8, what is 13 + 27444?
27457
In base 7, what is 4 + -360624?
-360620
In base 6, what is -2150 + 40?
-2110
In base 14, what is 5 - 3a0dad?
-3a0da8
In base 5, what is -2334 - 32?
-2421
In base 15, what is -4a15 + -3?
-4a18
In base 15, what is -2d + -19?
-47
In base 15, what is -5 - 84e9?
-84ee
In base 9, what is 588185 - -3?
588188
In base 10, what is 138666 + -4?
138662
In base 12, what is 2 + -2b75?
-2b73
In base 13, what is 3 + -16051?
-1604b
In base 14, what is 5 + -3810?
-3809
In base 6, what is -51234 - -4?
-51230
In base 4, what is -3100 + -10102011?
-10111111
In base 12, what is 1 - 2164?
-2163
In base 2, what is 100111011 - 1101?
100101110
In base 3, what is -11201002201 - -1?
-11201002200
In base 4, what is -1 - -20211013?
20211012
In base 13, what is -1731 - -4?
-172a
In base 12, what is 4 - -6a12?
6a16
In base 16, what is 1f95 - -d2?
2067
In base 15, what is -19 - -16?
-3
In base 2, what is -1111010011111010111 + -11?
-1111010011111011010
In base 8, what is -2 + 104435?
104433
In base 12, what is -5 - 1070b1?
-1070b6
In base 4, what is 1 + -3031323122?
-3031323121
In base 8, what is -5 + 1722?
1715
In base 15, what is 1 + -4c5b6?
-4c5b5
In base 4, what is -100 - 12100030?
-12100130
In base 5, what is -21321 + 331?
-20440
In base 5, what is -1332444 + 230?
-1332214
In base 12, what is 42aa + -76?
4234
In base 14, what is -327 + -bb?
-404
In base 6, what is 5 + 4221454?
4221503
In base 6, what is 244323 - -1?
244324
In base 3, what is -12 + -11122201?
-11122220
In base 8, what is -3 + 25173?
25170
In base 4, what is 1232 - -1023121?
1031013
In base 14, what is 1 - -38a9?
38aa
In base 15, what is -2c6e - -90?
-2bce
In base 2, what is 100100001100 - 1101000?
100010100100
In base 11, what is 1a18327 - 0?
1a18327
In base 12, what is 146 - 562?
-418
In base 3, what is 10102 - -110212011?
110222120
In base 15, what is -12293 + -2?
-12295
In base 9, what is -6312 + -14?
-6326
In base 2, what is 10011000100001111001 + 1?
10011000100001111010
In base 8, what is 4253211 + 4?
4253215
In base 12, what is 5 - 453a39?
-453a34
In base 3, what is -1121221 + 121001?
-1000220
In base 8, what is 4 - 225434?
-225430
In base 2, what is -1000110000110 + -1111000?
-1000111111110
In base 15, what is -31a3de + 0?
-31a3de
In base 5, what is -10 + -11240340?
-11240400
In base 12, what is 2 - -5539a?
553a0
In base 13, what is 2bcb1 - 2?
2bcac
In base 11, what is 12846 - -3?
12849
In base 4, what is -32311021 - 0?
-32311021
In base 3, what is 210212011 + 1021?
210220102
In base 13, what is 908 - -48?
953
In base 12, what is 6456a - -2?
64570
In base 7, what is -210 + -206?
-416
In base 5, what is 1131112 + -312?
1130300
In base 9, what is -431 + 1085?
554
In base 13, what is a2 + 2398?
246a
In base 11, what is 42 + -160?
-119
In base 4, what is 311 - 30231?
-23320
In base 12, what is -4 + 745ab?
745a7
In base 5, what is -33000 + 3101?
-24344
In base 3, what is 1 + 1102211201101?
1102211201102
In base 15, what is c17 + -3?
c14
In base 12, what is -81a - -12?
-808
In base 12, what is a8243 + -1?
a8242
In base 8, what is -151 + 103?
-46
In base 16, what is 1b - 32a?
-30f
In base 14, what is -53b + -5a?
-597
In base 8, what is -3 + 74526?
74523
In base 11, what is 4 + -a2203?
-a21aa
In base 9, what is -576752 + 14?
-576737
In base 11, what is aa5 - -12a5?
229a
In base 7, what is 610022 + 25?
610050
In base 16, what is -6 + -124d5b?
-124d61
In base 10, what is -5377 - 6?
-5383
In base 3, what is -12011 - 20112002?
-20201020
In base 5, what is 3 + 141333?
141341
In base 14, what is -1006 - -949?
-49b
In base 9, what is 77300 + -2?
77287
In base 10, what is -175806 + 4?
-175802
In base 6, what is 344 - -54?
442
In base 2, what is 10001101100 - 10011?
10001011001
In base 7, what is 113 - 13401?
-13255
In base 4, what is 10 - 10013212?
-10013202
In base 3, what is 12021122 - 2102?
12012020
In base 15, what is 1bc370 - 2?
1bc36d
In base 5, what is -2 - -301304?
301302
In base 15, what is -71b9 - -27?
-7192
In base 6, what is 25440 - -2?
25442
In base 9, what is 6575 + -8?
6566
In base 11, what is -1518 + -75?
-1592
In base 3, what is 2 + 1211000020?
1211000022
In base 15, what is 48c + -213?
279
In base 5, what is -2121 + -30234?
-32410
In base 13, what is 209 + 48?
254
In base 3, what is 111 - -122102100?
122102211
In base 13, what is 11663 - a8?
11588
In base 9, what is 3 + -214361?
-214357
In base 9, what is 374727 - -4?
374732
In base 5, what is 343 + -1432?
-1034
In base 7, what is -114 - 10244?
-10361
In base 15, what is 3e4 - 3c?
3a7
In base 13, what is -96 + 1a3?
10a
In base 11, what is 82 + 720?
7a2
In base 16, what is 3 - 6fd7?
-6fd4
In base 4, what is -23302313 + -2?
-23302321
In base 10, what is 76 - -13?
89
In base 7, what is -122644 - -3?
-122641
In base 5, what is 24114 - -114?
24233
In base 11, what is 82 + -670?
-599
In base 12, what is 11 - 20a4?
-2093
In base 12, what is 2 - -3b3aa?
3b3b0
In base 4, what is -11200211 - -1220?
-11132331
In base 6, what is -1230 - 1254?
-2524
In base 16, what is 1 + 31e6?
31e7
In base 5, what is -10 + -213434004?
-213434014
In base 10, what is -1392958 + 5?
-1392953
In base 11, what is -1780 + -30?
-1800
In base 10, what is 644 + 474?
1118
In base 8, what is -4 + -367441?
-367445
In base 9, what is 2880 + -55?
2824
In base 16, what is -19cd - -1?
-19cc
In base 16, what is -5 - 75a03?
-75a08
In base 15, what is -8b4 + -2?
-8b6
In base 14, what is -10322 + -18?
-1033a
In base 9, what is -3 - -26111?
26107
In base 1